) = 2*a**2 + 7*a - 2. What is the remainder when m(-7) is divided by k/5 + (-324)/(-20)?
15
Suppose 5*y = 4*j - 467, 2*y - 3*j + 170 = -7*j. Let r = -60 - y. Calculate the remainder when r is divided by 16.
15
Let o(v) = -2*v**3 - 5*v**2 - 6*v - 3. What is the remainder when 8 is divided by o(-2)?
3
Suppose 0 = -3*p - i - 8 + 33, 3*p - 35 = 4*i. Let y = 32 - p. Calculate the remainder when y is divided by 8.
7
Suppose 4 = -5*b + 3*n - 7, 3*b + 4*n + 24 = 0. Let z(y) = -y**2 - 8*y - 3. Suppose -5*c + 96 + 94 = 0. What is the remainder when c is divided by z(b)?
12
Suppose 0 = -i + 21 - 6. Calculate the remainder when 56 is divided by i.
11
Suppose -2*a = 2*a. Suppose -x = -a*x - 8. Calculate the remainder when 282/x - (-3)/(-12) is divided by 12.
11
Let q = -12 - -27. Suppose -4*v + 5 + q = 0. Calculate the remainder when 14 is divided by v.
4
Let m(a) = 2*a - 10. Let b be m(6). Suppose -4*d + 16 = -2*n, b*n = -2*d - n + 8. Calculate the remainder when 17 is divided by d.
1
Let o(l) = -2*l + 3. Let f be o(2). Let b be f*(-2 + -5)*-1. Calculate the remainder when 17 is divided by ((-6)/b)/(1/7).
5
Suppose 302 = 5*m + 2*g, m + 4*g - 294 = -4*m. Calculate the remainder when m is divided by 19.
5
Let i = 30 - 24. Let c(n) = 5*n - 2. Let y(u) = u - 1. Let r(z) = 2*c(z) - 2*y(z). Calculate the remainder when r(i) is divided by 16.
14
Suppose -5*w + 27 - 12 = 0. What is the remainder when 6 is divided by w?
0
Suppose -2*y = 2*a - 26, -4*a = -y - y + 50. Suppose -2*k = -3*k + 3. Let b = 3 + k. What is the remainder when y is divided by b?
5
What is the remainder when 6/(-9)*(-2 - (-1 + 14)) is divided by 2?
0
Suppose 0 = -0*m - m + 27. Suppose 6*o - 18 = 4*o - 5*j, -3*o + 3*j + m = 0. What is the remainder when 17 is divided by o?
8
Suppose 5*v = 4*v + 15. What is the remainder when v is divided by -1 - (0 - 1)*5?
3
Let h(b) = -b**2 + 10*b - 4. Let w be h(7). Suppose u = -4*n + w, -3*u - 5*n + n + 59 = 0. Calculate the remainder when 61 is divided by u.
19
Suppose -z + 24 = -0*z. Suppose 0*m = -3*m + z. Let c = 14 + m. Calculate the remainder when c is divided by 8.
6
Suppose -3*z - 60 = -2*z. Calculate the remainder when z/(-3) + 1 + 0 is divided by 11.
10
Suppose 0 = m - 2*m + 5*n - 12, -3*m - n = -44. What is the remainder when 51 is divided by m?
12
Let b = -3 + 51. Calculate the remainder when b is divided by 13.
9
What is the remainder when (22/(-44))/(1/(-22)) is divided by 7?
4
Let x = 310 - 184. Calculate the remainder when x is divided by 16.
14
Let i(d) be the second derivative of -d**4/6 - d**2/2 + d. Let a be i(1). Calculate the remainder when 19 is divided by (0 - 20/6)*a.
9
Let y(f) = -f**2 + 3*f + 5. Let d(n) = n**3 - 5*n**2 + 2*n + 5. Let u be d(5). Let z = u + -14. Calculate the remainder when y(4) is divided by z.
0
Let a be ((-6)/(-4))/(6/152). Let l = -22 + a. What is the remainder when 31 is divided by l?
15
Suppose -2*j - 3*j = 5*q - 15, 21 = 5*q + 2*j. Let d(f) = 2*f - 6. Calculate the remainder when q is divided by d(5).
1
Suppose g - 5*j = 9, 0 = -2*g - 4*j + 6*j + 26. What is the remainder when (-218)/(-4) - 1/(-2) is divided by g?
13
Let v = 10 - 6. Suppose -7*z + 35 = -2*z. Calculate the remainder when ((-1)/(-1))/(z/77) is divided by v.
3
Suppose -2*b = -5*d - 90, 4*d = -3*b - d + 185. Suppose -3*z = -5*w - b, 0 = -w - 4*w + 5. Calculate the remainder when 58 is divided by z.
18
Let g = -24 - -16. Let z = g + 5. Calculate the remainder when (-2 + (-4)/z)*-6 is divided by 2.
0
Let i be 4/(3*(-4)/(-9)). Let u(l) = 5*l + 3. What is the remainder when 52 is divided by u(i)?
16
Let q = 2 + 3. Suppose -2 = -6*c + 76. What is the remainder when c is divided by q?
3
Let v = -1 + 4. Suppose 0 = 3*t - 5*g - 13, -5*t + v*g - 7*g = 3. Let f = 4 - 2. What is the remainder when f is divided by t?
0
Let b = 76 + -49. Calculate the remainder when b is divided by 7.
6
Let q = 41 + -29. Suppose 2*b + 2*x = 46, 3*x - 2*x - 115 = -5*b. Suppose 3*m - b = -2. What is the remainder when q is divided by m?
5
Let l(p) = -p**3 + 7*p**2 + 23*p - 7. Calculate the remainder when l(9) is divided by 20.
18
Let w(i) = -9*i + 3. What is the remainder when w(-2) is divided by 8?
5
Let l = 12 + -8. Suppose -3*s - 7 = -5*t, 2*t = 2*s + 3*s - 20. What is the remainder when s is divided by l?
2
Suppose j - 2*j - 358 = 3*z, -4*j + 8 = 0. Let g = -83 - z. Calculate the remainder when g is divided by 19.
18
Let q be (-84 + 1)/(-2 - -3). Let b = 142 + q. Suppose -105 - b = -4*m. What is the remainder when m is divided by 14?
13
Suppose r = -3*r + 100. Suppose -s = -3*s + 26. What is the remainder when r is divided by s?
12
Let i = 56 + -40. Calculate the remainder when i is divided by 4.
0
Let m(r) = 8*r**2 + 2. Let o be m(-2). Suppose y - 5*k + o = 4*y, -2*k = y - 11. What is the remainder when y is divided by 8?
5
Suppose 0 = -3*k - k - 4*i - 20, 2*k + 5 = -i. Suppose 70 = 7*a - 154. What is the remainder when a is divided by k*(-2)/4 + 11?
10
Let j = -3 - -32. Suppose f + 11 - j = 0. Calculate the remainder when (-2)/((f/219)/(-3)) is divided by 25.
23
Suppose 4*s + 6 = 2*f - 6, 3*s + 6 = 0. Suppose 10 = 4*q - f*q. What is the remainder when 9 is divided by q?
4
Let b(a) = a**3 + a**2 + 13. What is the remainder when b(0) is divided by ((-8)/6)/((-1)/3)?
1
Suppose 0 = -6*k + k + 65. Let n be 2*-1 - (-45)/3. Suppose -2*r + n + 63 = 0. What is the remainder when r is divided by k?
12
Let c(h) = -11*h + 13. Let w be c(-10). Suppose r - w = -1. Let g = -87 + r. Calculate the remainder when g is divided by 12.
11
Let l(z) = -3 + 6*z**2 + 11 - 2*z - 7. Calculate the remainder when l(-2) is divided by 16.
13
Let c = -41 - -24. Let v = 38 + c. What is the remainder when 41 is divided by v?
20
Let z = -23 - -36. What is the remainder when 25 is divided by z?
12
Let r(a) = 2*a**2 - 4*a + 2. Suppose 0 = -w + 1 + 1. Calculate the remainder when 7 is divided by r(w).
1
Suppose 8763 = 20*n + 3*n. What is the remainder when n is divided by 48?
45
Let l(w) = 20*w**2 + 7*w - 9. Let q(v) = 7*v**2 + 2*v - 3. Let d(g) = -6*l(g) + 17*q(g). Calculate the remainder when d(-6) is divided by 8.
7
Let q = 34 + -9. What is the remainder when q is divided by (2/(-3))/((-4)/78)?
12
Suppose -3*a - 5*f = -3, -16*a + 9 = -12*a + 5*f. What is the remainder when 71 is divided by a?
5
Suppose -3 + 13 = 2*u. Suppose -9 = -b + 3*o + 13, -u*o - 109 = -4*b. Calculate the remainder when b is divided by -1*-2*33/6.
9
What is the remainder when ((-540)/(-8))/(3/4) is divided by 23?
21
Calculate the remainder when 63 is divided by (-1 - 2)/3 - (-70)/5.
11
Let g(u) = 0*u + u + u**2 + 7*u - 2*u. What is the remainder when 13 is divided by g(-7)?
6
Let d = 21 + -15. Suppose -d = -0*a + 2*a. What is the remainder when 22 is divided by (-1 + 3/a)*-4?
6
What is the remainder when 24 is divided by (-10)/(-15) + (185/(-3))/(-5)?
11
Suppose 2*q = -5*o - 0*o + 20, -5*o = -q - 20. Let m be 2 - (1 - q)*-1. What is the remainder when (-23)/m*(-5 + 2) is divided by 8?
7
What is the remainder when 39/(-9)*(4 + -7) is divided by 5?
3
Let p be -2*17*2/4. Let h = p + 25. Calculate the remainder when 31 is divided by h.
7
Calculate the remainder when 95 is divided by 0 - -3 - ((-95)/5 + -6).
11
Let i(p) = -2*p - 4. Let y be i(-3). Suppose -5*j + 5 = 0, 117 = y*n + n - 3*j. What is the remainder when n is divided by 14?
12
Suppose -183 - 37 = 5*y. Calculate the remainder when (y/16)/(3/(-12)) is divided by 7.
4
Suppose 0 = -5*y + 9*y + d - 79, 6 = 2*d. Calculate the remainder when 49 is divided by y.
11
Suppose -5 + 1 = 2*s, m + 3*s - 48 = 0. What is the remainder when m is divided by 6/(-9)*-3 - -12?
12
Suppose 4*z - 40 = -0*z. Let y = 6 + z. What is the remainder when y is divided by 6?
4
Suppose 2*d = 3*d - 14. Calculate the remainder when d is divided by 6.
2
Let m = 16 - 6. Suppose 0 = 2*p - m, -8 = -q - 3*q + 4*p. Suppose q*v = -b + 3*v + 17, v + 17 = 4*b. Calculate the remainder when 14 is divided by b.
4
Suppose -2*k + 4 = 0, 5*n - 3*k + 6*k - 56 = 0. Suppose -3*l - 6 = -w + 16, 0 = 5*l + 5*w + n. Let s = l - -10. Calculate the remainder when 6 is divided by s.
2
Let c = 9 - 15. Let g = c + 8. Suppose -x = g*a - 3, -4*x + 25 = 4*a - 3. Calculate the remainder when x is divided by 4.
3
Suppose 0*c = 3*j + 4*c -